2 + 35*q + 138. Determine u(-5).
-62
Let z(b) = 2*b**2 - 18*b - 274. Determine z(17).
-2
Let v(p) = 11*p**2 - 779*p + 2290. What is v(3)?
52
Let m(u) = -10*u. Calculate m(9).
-90
Let y(x) = 2*x**3 - 21*x**2 + 21*x - 99. Calculate y(10).
11
Let w(s) = 2*s**3 - 27*s**2 - 20*s + 71. Calculate w(14).
-13
Let o(k) = -k**2 + 46*k - 392. Give o(14).
56
Let h(d) = 3*d**3 + 140*d**2 - 227*d - 8460. What is h(-47)?
0
Let w(p) = -2*p**2 + 67*p - 474. Calculate w(25).
-49
Let r(c) = -9*c**3 + 66*c**2 + 46*c + 15. Determine r(8).
-1
Let q(u) = 3*u**2 + 148*u + 72. Determine q(-47).
-257
Let l(w) = -3*w**2 + 200*w - 2596. Calculate l(49).
1
Let q(t) = 2*t**3 + 38*t**2 + 25*t + 45. Determine q(-19).
-430
Let a(j) = -874*j + 3491. Determine a(4).
-5
Let q(t) = -t**3 + 70*t**2 + 370*t + 364. Give q(75).
-11
Let i(s) = s**2 - 294*s + 21064. What is i(170)?
-16
Let f(a) = 12*a**3 - 47*a**2 + 21*a - 99. Give f(4).
1
Let g(p) = p**2 - 13*p + 34. Determine g(7).
-8
Let t(f) = -5094*f + 15262. Give t(3).
-20
Let u(c) = c**3 - 7*c**2 - 60*c + 9. Determine u(12).
9
Let d(c) = -4*c**2 + 42*c - 189. What is d(9)?
-135
Let y(l) = 8*l**2 + 49*l + 32. What is y(-6)?
26
Let b(q) = -q**3 - 50*q**2 + 208*q + 22. Calculate b(4).
-10
Let v(g) = 2*g**3 + 12*g**2 + 42*g + 33. What is v(-5)?
-127
Let w(s) = 2*s**3 - 28*s**2 - 63*s - 25. What is w(16)?
-9
Let o(w) = 3*w**2 + 18*w - 95. Determine o(-9).
-14
Let o(d) = 70*d - 1978. Calculate o(28).
-18
Let h(i) = -i**3 - 12*i**2 + 128*i + 792. Determine h(-17).
61
Let m(d) = -59*d + 467. Calculate m(8).
-5
Let v(h) = -44*h**2 - 10*h + 23. Give v(2).
-173
Let n(k) = 3*k**2 - 4*k + 21. Determine n(12).
405
Let i(v) = -2*v**3 - 73*v**2 - 40*v - 133. What is i(-36)?
11
Let p(g) = g**3 - 45*g**2 - 50*g + 190. What is p(46)?
6
Let b(h) = h**3 - 33*h**2 + 125*h - 1960. What is b(31)?
-7
Let a(u) = -26*u - 76. Determine a(-2).
-24
Let c(k) = 2*k**3 - 20*k**2 - 3*k - 6. Calculate c(10).
-36
Let t(j) = -104*j**2 + 1459*j - 44. Give t(14).
-2
Let k(u) = -664*u - 8640. Give k(-13).
-8
Let u(o) = -213*o - 146. Determine u(2).
-572
Let i(m) = 31*m - 159. What is i(9)?
120
Let s(f) = -f**3 + 9*f**2 + f + 17. Determine s(8).
89
Let t(c) = 65*c + 490. What is t(-9)?
-95
Let m(w) = -92*w + 2750. Give m(30).
-10
Let c(r) = -41*r + 1147. Determine c(28).
-1
Let r(o) = -138*o - 1110. Calculate r(-8).
-6
Let s(q) = -77*q - 25. Determine s(4).
-333
Let t(p) = 10*p**3 + 20*p**2 + 5*p + 2. Determine t(-2).
-8
Let u(t) = -222*t + 29948. Calculate u(135).
-22
Let s(f) = f**3 + 10*f**2 - 18. What is s(-7)?
129
Let j(d) = -d**3 + 12*d**2 + 986*d - 10911. Give j(11).
56
Let g(h) = 2*h**3 - 105*h**2 - 54*h + 247. What is g(53)?
194
Let x(t) = -24*t - 318. Give x(-17).
90
Let d(x) = 32*x + 804. Calculate d(-23).
68
Let y(s) = 25*s**3 + 75*s**2 + 149*s + 442. Determine y(-3).
-5
Let j(u) = 2*u**3 - 20*u**2 + 13*u + 37. Give j(9).
-8
Let r(w) = 4*w**3 - 22*w**2 - 74*w + 8. Determine r(6).
-364
Let z(l) = l**2 - 18*l - 329. Give z(29).
-10
Let j(n) = 2*n**3 - 32*n**2 + 65*n - 11. Calculate j(2).
7
Let t(g) = 80*g + 559. Calculate t(-7).
-1
Let r(o) = 11*o**2 - 9*o - 8. What is r(6)?
334
Let c(r) = r**2 + 31*r - 11. Give c(-25).
-161
Let k(r) = 2*r**2 + 13*r - 4. Calculate k(-7).
3
Let q(w) = -w**3 - 13*w**2 + 8*w - 638. What is q(-16)?
2
Let p(h) = 18*h + 667. What is p(-19)?
325
Let q(a) = a**3 + 6*a**2 - 79*a - 367. Give q(-9).
101
Let d(z) = -126*z**2 - 3146*z - 23. Calculate d(-25).
-123
Let t(r) = -r**2 - 197*r - 391. Calculate t(-2).
-1
Let c(i) = i**2 - 48*i - 51. Calculate c(-1).
-2
Let a(y) = -451*y - 7656. Determine a(-17).
11
Let v(t) = 3*t**3 + 17*t**2 + 18*t - 41. Determine v(-8).
-633
Let d(o) = -2*o**2 + 264. Calculate d(0).
264
Let q(v) = 39*v + 290. What is q(-8)?
-22
Let y(w) = -7*w**2 - 106*w - 42. Calculate y(-15).
-27
Let v(g) = 11*g - 7. Calculate v(-12).
-139
Let f(w) = 391*w - 6629. Calculate f(17).
18
Let u(c) = -c**3 + 83*c**2 - 155*c - 563. Determine u(81).
4
Let l(r) = 478*r + 32989. Give l(-69).
7
Let b(d) = 30*d**3 - 3*d**2 - 64*d - 126. Give b(-2).
-250
Let o(d) = -d**3 + 8*d**2 + 4*d + 12. Calculate o(5).
107
Let i(q) = 24*q - 85. Determine i(22).
443
Let k(x) = -5*x**2 + 44*x + 55. Determine k(10).
-5
Let g(r) = -r**2 - 65*r - 551. Give g(-9).
-47
Let m(t) = -t**2 + 154*t + 723. Give m(-5).
-72
Let j(y) = 187*y - 14370. What is j(77)?
29
Let y(b) = -66*b + 15. Give y(3).
-183
Let w(p) = -8*p**2 + 176*p + 4045. Give w(-14).
13
Let o(k) = -4*k**2 - 416*k - 826. Give o(-2).
-10
Let r(f) = 22*f**2 + 96*f - 194. Calculate r(2).
86
Let w(c) = 197*c + 2173. Give w(-11).
6
Let c(f) = f**2 + 572*f + 17799. Determine c(-33).
12
Let d(g) = 74*g + 3. Calculate d(1).
77
Let a(u) = 206*u**2 + 851*u + 113. Calculate a(-4).
5
Let d(i) = i**2 - 50*i - 595. What is d(60)?
5
Let x(y) = -2028*y + 38538. Give x(19).
6
Let v(s) = -s**3 - 23*s**2 - 102*s + 357. Calculate v(-13).
-7
Let a(m) = -97*m - 206. Calculate a(-2).
-12
Let v(l) = -8*l**2 + 27*l + 28. Calculate v(6).
-98
Let k(v) = -565*v - 8428. Give k(-15).
47
Let o(x) = 78*x - 4063. Determine o(49).
-241
Let d(i) = 62*i**2 + 4318*i - 1546. Give d(-70).
-6
Let m(k) = -3*k**2 - 83*k - 307. Determine m(-4).
-23
Let t(x) = 3*x**2 + 46*x - 462. Calculate t(7).
7
Let s(g) = -319*g - 14064. Determine s(-44).
-28
Let h(i) = i**3 - 128*i**2 - 1227*i - 826. What is h(137)?
-4
Let w(h) = 2*h**2 - 21*h - 260. What is w(-7)?
-15
Let r(m) = m**2 - 108*m + 1047. Calculate r(96).
-105
Let o(f) = 2*f**2 - 19*f + 392. Determine o(20).
812
Let q(v) = -2*v**3 - 43*v**2 - 26*v - 103. Calculate q(-21).
2
Let v(j) = -61*j + 1192. Determine v(19).
33
Let b(t) = -2*t**3 + 288*t**2 + 2422*t + 1524. Calculate b(152).
4
Let r(a) = -56*a - 1101. Determine r(-26).
355
Let b(o) = 5220*o - 26095. What is b(5)?
5
Let t(n) = n**2 + 19*n + 36. What is t(-7)?
-48
Let m(n) = 2*n**3 - 51*n**2 - 25*n - 29. Determine m(26).
-3
Let s(a) = -35*a - 1210. What is s(-35)?
15
Let l(n) = 3*n**2 + 93*n - 52. Calculate l(-29).
-226
Let h(f) = 9*f**2 - 2528*f - 2527. What is h(-1)?
10
Let v(a) = -203*a - 6948. What is v(-34)?
-46
Let y(t) = -2785*t - 19502. What is y(-7)?
-7
Let j(x) = -4*x**2 + 310*x + 477. Calculate j(79).
3
Let t(n) = 262*n + 7866. Give t(-30).
6
Let l(a) = a**3 + 11*a**2 + 42*a - 18. Calculate l(-7).
-116
Let z(o) = -1094*o - 2196. Give z(-2).
-8
Let o(k) = -k**3 + 5*k**2 + 24*k - 5. Calculate o(6).
103
Let k(x) = -x**2 - 363*x - 2153. Calculate k(-6).
-11
Let h(l) = -424*l - 7621. What is h(-18)?
11
Let g(o) = -92*o + 255. Calculate g(7).
-389
Let x(l) = -l**2 - 77*l - 913. Calculate x(-62).
17
Let f(c) = c**2 - 21*c - 71. Give f(24).
1
Let s(h) = 2664*h + 15983. Determine s(-6).
-1
Let q(h) = 13*h - 418. Give q(24).
-106
Let i(k) = -k**3 + 29*k**2 + 97*k - 23. What is i(32)?
9
Let o(d) = -d**2 - 4*d + 174. Give o(12).
-18
Let v(s) = -s**3 - 4*s**2 + 104*s - 19. Determine v(-13).
150
Let b(s) = -s**3 - 17*s**2 - 16*s + 53. What is b(-16)?
53
Let q(s) = 918*s - 5511. Give q(6).
-3
Let s(i) = i**2 - 168*i + 817. Calculate s(163).
2
Let f(p) = -50*p - 1899. Give f(-38).
1
Let s(w) = 55*w**3 - 3*w**2 + 7*w + 16. Calculate s(-2).
-450
Let x(u) = -u**2 + 13*u - 20. Calculate x(7).
22
Let n(p) = -3150*p + 15751. What is n(5)?
1
Let f(a) = -197*a + 4930. Determine f(25).
5
Let p(v) = 2*v**2 - 67*v + 45. What is p(34)?
79
Let g(f) = -f**2 - 112*f - 8. Give g(0).
-8
Let i(z) = 18*z + 1178. Calculate i(-43).
404
Let g(u) = 2*u**3 - u**2 - 24*u + 25. Determine g(4).
41
Let c(u) = -u**3 + 9*u**2 + 68*u + 7. Give c(14).
-21
Let l(g) = 20*g + 7. Determine l(7).
147
Let w(h) = -h**2 + 9*h + 221. Calculate w(20).
1
Let i(p) = 129*p + 9158. Determine i(-71).
-1
Let i(o) = 949*o + 4778. Calculate i(-5).
33
Let l(a) = 7*a**3 - 11*a + 17. Determine l(3).
173
Let x(h) = h**3 - 7*h**2 + 2*h - 15. Calculate x(8).
65
Let w(p) = -9*p**3 - 64*p**2 - 13*p - 12. Give w(-7).
30
Let z(l) = 17*l + 62. Calculate z(5).
147
Let s(b) = b**2 - 221*b + 8480. Give s(49).
52
Let i(x) = -11*x - 63. What is i(-18)?
135
Let k(r) = -2*r**2 + 40*r - 65. What is k(18)?
7
Let p(w) = w**2 - 116*w + 766. Calculate p(7).
3
Let h(p) = -p**3 + 37*p**2 + 213*p - 12. Determine h(42).
114
Let p(j) = -j**3 + 74*j**2 + 3957*j - 103. Calculate p(-36).
5
Let s(u) = -24*u**2 - 26*